6*u + 22. Let q be b(-4). Let k(x) = -x**2 + 1. Calculate k(q).
-3
Let v(f) = 6*f + 1. Let h(n) = n + 1. Let z = 9 - 8. Let y(w) = z*v(w) - h(w). Give y(2).
10
Let q(h) = h**3 - h**2 - 7*h + 4. Let g be q(3). Let y be 3/((-6)/4)*3. Let a(l) = -10*l - 4. Let x(d) = 11*d + 5. Let k(f) = y*a(f) - 5*x(f). Determine k(g).
4
Let s be (4/10)/(2/(-10)). Let p(m) = 3 + 4*m + m - 2*m. Let b(v) = -2*v - 4. Let o(h) = 2*b(h) + 3*p(h). Determine o(s).
-9
Let p(w) = -w**2 + 14*w - 37. Let f be p(4). Let u(v) be the third derivative of -v**2 + 1/24*v**4 - 2/3*v**f + 0*v + 0. Determine u(-3).
-7
Let x(r) = -r**3 - 7*r**2 + 6. Suppose -6*a - 3 = 39. Calculate x(a).
6
Let y(l) = -2*l**3 - l + 9*l**3 - 1 - 6*l**3. Let q(r) = 4*r**3 - r**2 - 4*r - 13. Let d(i) = q(i) - 5*y(i). Let b be (-2)/4 + (-1)/(-2). Determine d(b).
-8
Suppose -4*c = -9 + 1. Let s be -1 + (c/2 - -1). Let h(l) be the third derivative of l**6/30 - l**5/60 + l**4/24 + l**2. Give h(s).
4
Suppose 8 = 2*y + 18, 5*q = -5*y - 15. Let h(o) = q*o**2 + o - 4*o**2 - 1 - 2*o + 3*o + o**3. Calculate h(1).
0
Let a(u) be the first derivative of -6 + 1/2*u**2 + 0*u + 1/3*u**3 + 13/4*u**4. What is a(-1)?
-13
Let y(w) be the first derivative of -w**4/24 + 2*w**2 + 4. Let d(c) be the second derivative of y(c). Determine d(-4).
4
Let m(c) = c**3 - 8*c**2 + 8*c - 3. Let q be m(7). Let s(v) = v**3 - 5*v**2 + 4*v - 4. Give s(q).
-4
Let w(k) be the third derivative of -k**5/60 - k**4/4 - 5*k**3/6 - 9*k**2. Calculate w(-4).
3
Let l(a) be the third derivative of a**4/12 + 11*a**2. What is l(1)?
2
Suppose 0*h + 3*h = -3*n + 30, -2*n = 5*h - 5. Suppose 3*m = 4*v + 1 + 6, 3*m - n = 0. Let p(o) = 2*o - 2*o + o**3 + 2*o + 0*o**3 + 4*o**v. Give p(-3).
3
Let m(l) = 7*l**2 + l. Let q(w) = -w**2 - 3*w - 3. Let d be q(-2). Give m(d).
6
Let a(n) = -n - 6 - 9 + 5. Let h be a(-9). Let m(p) = -p - 1. Give m(h).
0
Let d(o) = 5 - 4*o + o + 0*o**2 - 2*o + o**2. Let r be -2 - 5/((-10)/12). Calculate d(r).
1
Let b be 6*1 - 0/(-2). Suppose 4*k - b = 2*k. Let d(v) = -3*v**3 + v**2 + 2. Let p(o) = -10*o**3 + 2*o**2 + o + 5. Let m(s) = -7*d(s) + 2*p(s). Give m(k).
2
Let r(x) = -x**3 - 4*x**2 + 3*x - 5. Let s be r(-5). Let c = s + -5. Suppose c = -0*m - m - 4. Let p(q) = -q**2 - 3*q - 2. What is p(m)?
-6
Suppose -i + 6*i = 0. Let f(v) = v**3 + v**2 - v + 17. Calculate f(i).
17
Let z(u) be the second derivative of -u**3/2 - 3*u**2 + 5*u. Calculate z(-5).
9
Let f(x) = x. Let q(y) = 3*y. Let d(c) = -4*f(c) + 2*q(c). Calculate d(-1).
-2
Let z(f) = -11*f**2 - 6*f + 19. Let u(v) = 5*v**2 + 3*v - 9. Let y(t) = 5*t - 1. Let c be y(-1). Let s(m) = c*z(m) - 13*u(m). Calculate s(3).
3
Let i(u) = 2*u**3 + 528 - u - 528 - 3*u**3 - 2*u**2. Give i(-2).
2
Suppose -4*g + 16 = -0*g. Let m(n) = 7 - g*n + 2*n + n**3 - 5*n**2 - 9 + 6*n. Give m(2).
-6
Let g(l) be the third derivative of -l**6/40 + l**5/60 - l**4/24 - 5*l**3/3 - 4*l**2. Let d(t) be the first derivative of g(t). Determine d(1).
-8
Let f(d) be the third derivative of d**6/120 - d**5/20 - d**4/8 - d**3/6 - d**2. Suppose -4*n - 18 = -10*n. Give f(n).
-10
Let h(r) = -5*r**3 + 2*r**2 - 1. Suppose -4*g + 7 = -1. Suppose -g*t = -6*t + 16. Suppose 4*j + 0*j = -t. Give h(j).
6
Let g(v) = v**2 + 5*v + 2. Let m be 4/10*35/14. Let w be -3*m - (-2 - -5). What is g(w)?
8
Let h = 1 - -3. Let c = 1 - h. Let n(r) = r**3 + 2*r**2 + 3. Determine n(c).
-6
Let s(v) = -v + 6. Let p(t) = -t**3 + t**2 + 13*t - 1. Let i be p(4). Give s(i).
3
Let y(v) be the first derivative of -v**4/24 - 4*v**3/3 - v**2 + 3. Let a(w) be the second derivative of y(w). Let q = -4 - -4. What is a(q)?
-8
Let w(f) = -f**3 + 4*f**2 - 3*f + 6. Suppose 24 = 2*d + 2*d. Suppose -3*q - j - 9 = -2*j, 3*j = 5*q + 19. Let a = q + d. Give w(a).
-6
Let o(x) = 3*x + 24*x**3 - 3*x + 8*x**2 - 23*x**3 - 8. Calculate o(-8).
-8
Let a(h) = 5*h + 6. Let s be a(-4). Let c be 57/(-11) + s/(-77). Let g(u) = 3*u + 4*u - 1 - 2*u - 4*u. What is g(c)?
-6
Let k(o) = -3*o**2 + 10*o - 21. Let r(x) = -x**2 + 3*x - 7. Let t(h) = 2*k(h) - 7*r(h). Let n be 1 - 2 - (-1 - 0). Determine t(n).
7
Let b(c) = -c**2 + 7*c + 6. Let x(d) = d**2 - d. Let z(f) = -b(f) - 2*x(f). What is z(-5)?
-6
Let d(f) = -f**2 - 3*f + 6. Let g(i) = i**3 - 3*i**2 - 9*i + 14. Let l be g(4). What is d(l)?
-12
Let p = -13 - -17. Suppose 0*f - 3*i - 16 = 5*f, 29 = -p*f + 3*i. Let t(h) = h**3 + 4*h**2 - 4*h - 5. What is t(f)?
-10
Let b(x) = x**3 - x**2. Let j be b(1). Let z(c) = c**3 + c**2 + c - 2. Calculate z(j).
-2
Let t = -1 + 6. Suppose 3*b + 4*y - 4 = 0, 4*b - t + 4 = -y. Let w(p) be the third derivative of -p**6/120 + p**5/60 + p**4/24 - p**3 - 7*p**2. Determine w(b).
-6
Let l(h) = -h**2 + 6*h - 6. Suppose -5*r - 3*q + 33 = 0, 0 = -4*q - 1 + 5. What is l(r)?
-6
Let l(k) = -k**2 + 6*k - 1. Suppose -5*q - y + 28 = -2*y, -q + y = -8. Calculate l(q).
4
Let a(y) = 16*y**3 + 1. Let j = 14 + -15. Calculate a(j).
-15
Let x(v) be the third derivative of -v**5/60 + v**4/24 + v**3/6 - v**2. Calculate x(-2).
-5
Let f(r) = r**2 + 2*r - 10. Let j be f(-5). Let x(t) = -t**3 + 7*t**2 - 6*t - 7. Give x(j).
13
Let b(h) = h**2 + h + 3. Let c(p) = p. Let l(u) = b(u) - 2*c(u). Give l(0).
3
Let a be (-1)/(-3)*(-8 + -2 + 1). Let g(i) = 2*i + 2. Calculate g(a).
-4
Let m(r) be the first derivative of 1/2*r**2 + r + 8. Calculate m(0).
1
Let j(p) be the second derivative of p**5/20 + p**4/12 - p**3/2 - p**2 - 10*p. Let a(l) = -l**3 - 4*l**2 - 3*l. Let o be a(-2). What is j(o)?
0
Let x(p) = p**3 + 4*p**2 + p + 5. Let f be x(-4). Let m(i) = 1 + 6 + f + i**2. Suppose -24*c = -20*c. Give m(c).
8
Let z(k) = k**3 - 5*k**2 + 5*k - 3. Let o be z(4). Suppose g - o = 1. Let p(t) = 2*t + 1 - 1 + g. Give p(-4).
-6
Let n(m) = -m**3 - 2*m**2 + m + 2. Let l(d) = 2*d**3 + 2*d**2 - d + 4. Let h be l(-2). Give n(h).
0
Let i(f) be the second derivative of -f**6/360 - f**5/24 + f**4/4 + 3*f**3/2 + f. Let k(o) be the second derivative of i(o). Give k(-5).
6
Let n(r) = 4*r + 2*r - 2*r. Let s(m) be the first derivative of m**2/2 - 4*m + 3. Let f be s(3). Calculate n(f).
-4
Let h(a) be the third derivative of -a**4/6 - 2*a**3/3 + 32*a**2 + 1. Calculate h(4).
-20
Let w(q) = -11 + 23 - 10*q - q**2 - 6. Calculate w(-9).
15
Suppose 5*t + 1 = 3*u, 2*u + 4*t - 1 = 7. Let x(w) = w**2 - 2*w**3 - 2 + 3*w**3 - 3*w**2. Calculate x(u).
-2
Let x(a) = -12*a**2 + 2*a - 1. Let q be x(1). Let i = q - -8. Let u(s) be the first derivative of -s**2/2 - 7*s + 1. Give u(i).
-4
Let w = 0 + 3. Let m(u) be the first derivative of -1 - 1/2*u**2 + 0*u - 1/4*u**4 + u**3. Determine m(w).
-3
Let o(k) = -k**3 - 4*k**2 + 4*k. Let s be o(-5). Suppose -s*t + t = 0. Let f(w) = w - 8. Give f(t).
-8
Let u(a) = -a**3 + a**2. Let n(z) = -1 - 1 - 5*z + 3*z**2 - 4*z**2. Let l be n(-4). Let g be (l/4)/(-1)*-2. Give u(g).
0
Let u(k) = -5*k**2 + 3*k**2 + 6*k - 6 + k**2. Determine u(6).
-6
Let d(m) = m**2 - 7*m - 6. Let n be d(8). Let q(w) = -w**2 + w**2 - 4*w**n - 2 + 0*w**2 - 4*w. What is q(-2)?
-10
Let v(m) = 3*m - 2*m - 3 - 2*m. Give v(0).
-3
Let g(d) be the third derivative of d**4/24 - 7*d**3/6 + 6*d**2. Let x be ((-10)/4)/((-3)/6). Give g(x).
-2
Let c(i) = i**3 - 2*i**2 + i - 2. Let k be (-4)/(-10) - 23/(-5). Suppose d - 2*d = -4*f + k, 0 = 4*f - 8. Calculate c(d).
10
Let m(p) = -p**3 - 6*p**2 + 8*p + 10. Let d = -119 - -112. Give m(d).
3
Let o = 11 + -7. Let l(v) = 1 + 5*v**2 + o*v - 4*v. Let r be (-2 - (-5 - -4))*-1. Calculate l(r).
6
Let b(i) = -2*i - 6. Let a be b(2). Let o(x) = x**2 + 9*x - 10. Give o(a).
0
Let d be (-2 - -1)/(2/(-6)). Let m(c) = c**2 + 3. Let a be m(0). Let w(x) = 2*x**3 + a*x - d*x**3 + 4*x**2 + 2*x**3 + 5. Give w(-4).
-7
Let t(j) = -2*j**2 - 2*j + j**2 + 6*j - 2. Give t(4).
-2
Suppose 7*u + 15 = 2*u, 3*a + 2*u = 0. Let x(l) = -3*l**a - 5*l**2 - 2*l**3 + 2*l**2 - 6 - 5*l + l**3. Suppose -4*j - 6 = 14. Calculate x(j).
-6
Let d(l) be the third derivative of 7*l**6/60 + l**5/30 - l**3/6 + 2*l**2. Calculate d(1).
15
Let r(i) = i**3 - 8*i**2 + 4. Suppose -s - s + 6 = -2*g, 5*g - 25 = 0. Calculate r(s).
4
Let f(x) = x**3 + 4*x**2 - 5. Let l be f(-4). Let p(v) be the first derivative of v**3/3 + 3*v**2 + 2*v - 5. Give p(l).
-3
Let u(r) = -13*r**3 - 2*r**2 + r. Let h(q) = -3*q + 1. Let x be h(0). What is u(x)?
-14
Let v(h) = -1666 + 1666 + 2*h. Calculate v(2).
4
Let a 